 + 28*g + 466. Determine k(0).
28
Let u(z) = 4*z - 22. Let p be u(6). Let j(y) = 2*y + y**2 + p + 3 + 6*y. Determine j(-6).
-7
Suppose -2*b - 24 = -4*b. Suppose -p = -4*p + b. Let l(q) = q**2 - 5*q - 3. What is l(p)?
-7
Suppose 0 = -5*d - 2*d + 35. Let z(a) = -6*a + 14. Let t(l) = l - 1. Let c(s) = -5*t(s) - z(s). Calculate c(d).
-4
Let m(q) = -3*q + 4. Suppose -40 = -3*o - 4*u, 12 = u + 2*u. Let r be 1/(-2) - 12/o*-5. Give m(r).
-17
Let u(c) = -2*c. Let h(a) be the third derivative of -a**5/60 - a**4/8 + 7*a**3/6 - 4*a**2 + 9*a. Let t be h(-4). Determine u(t).
-6
Let j be 2041/65 - (-2)/(-5). Let w = j - 36. Let p(z) = -48*z - 21. Let q(k) = -7*k - 3. Let s(h) = -4*p(h) + 27*q(h). Calculate s(w).
-12
Let y(i) = -9*i - 9 - 12*i + 20*i. Determine y(-9).
0
Suppose -v + 4*z = 3*v, 0 = -2*v - 5*z - 14. Let j(d) = -d - 3. Give j(v).
-1
Let l = -198 + 194. Let t(g) = -g**3 - 4*g**2 - 3*g + 3. Calculate t(l).
15
Let q be 3/9 + (-2)/6. Let b be (27/(-12))/(9/(-12)). Let s(g) = -9*g**2 - 1 - g - 4*g**3 - b*g**2 + 11*g**2 + q*g. What is s(-1)?
3
Let j(f) = 6*f - 4. Let n(t) = t - 1. Let r(m) = -j(m) + 5*n(m). Let l(g) = 2*g - 3 + 2 - g. Let s be l(-1). What is r(s)?
1
Let t(w) = -w**3 + w**2 + w + 1. Let k(h) be the third derivative of h**4/24 + 4*h**3/3 + 10*h**2 - 4*h. Let u be (-3)/6 + (-22)/4. Let p be k(u). What is t(p)?
-1
Let b(f) = f**3 + f + 2 - f. Let x be ((-52)/(-65))/((-34)/85). Calculate b(x).
-6
Let j(i) = -i**2 - 1. Let a(u) = -u - 1. Let b(h) = 3*a(h) - j(h). Let l(p) be the first derivative of b(p). Let x be (-3 - 0) + -1 + 1. What is l(x)?
-9
Let y(b) = -2*b + 6. Let q(f) = f - 3. Let o(r) = 11*q(r) + 6*y(r). Let w(p) = -3*p**3 + 17*p**2 + 35*p - 170. Let z be w(6). Determine o(z).
-1
Let v(a) = 5*a + 1. Let r(i) = -3*i + 2. Let p(n) = 4*n - 1. Let z(s) = 4*p(s) + 3*r(s). Let f be z(0). Calculate v(f).
11
Let w(j) = -j**3 - 9*j**2 + 23*j + 18. Let h be w(-11). Let l(i) = -4*i + 9 - 1 + 2. What is l(h)?
-18
Let a(l) = 2*l**3 - l**2 - l - 1. Let b = 371 + -369. Calculate a(b).
9
Let i(g) be the first derivative of g**5/120 + 5*g**4/12 + g**3 + 7. Let v(p) be the third derivative of i(p). Calculate v(0).
10
Let a(g) = -g - 5. Let k(z) be the second derivative of -z**4/12 + z**3/3 - 5*z**2/2 - 22*z. Let l be k(2). What is a(l)?
0
Let s(j) = 4*j**2 + 11*j**2 + 10 + 3*j**3 - 7*j**2 - 2*j**3. What is s(-8)?
10
Let l(a) = -a**3 - 7*a**2 - 7*a + 5. Let w be l(-6). Let t(k) = k**2 + k. Let j(r) = r**3 - 6*r**2 + 17*r + 1. Let v(o) = -j(o) + 6*t(o). Give v(w).
-1
Let p(u) = 2*u - 1. Let m be (-2)/3 - 24/(-9). Suppose -c - 3 = -m*c, 2*c = -2*q + 8. Give p(q).
1
Let q(m) = -4*m**2 - m**3 + 0*m**3 + 13 - 2*m**2 - 15 - 2*m. Suppose 2*s = -s - 9. Determine q(s).
-23
Let v be 32/10*1/(12/30). Let k(i) = -4*i + 1. Determine k(v).
-31
Let j(c) = -16*c + 16 - 15*c + 33*c. Calculate j(-6).
4
Let z(a) be the first derivative of a**2/2 + 2*a + 102. What is z(-4)?
-2
Let u be 4 + -1 - 4 - -221. Let z be (-4)/14 - u/(-35). Let y(n) be the second derivative of n**3/3 - 2*n**2 - 2*n - 11. Calculate y(z).
8
Let p(t) = 3*t - 13. Let k be p(5). Let g(s) = -4*s - 48*s**2 + k + 47*s**2 - 8. Let c = 7 + -12. What is g(c)?
-11
Let k(o) be the second derivative of 7*o**4/12 + o**2/2 - 4*o. Let p = 72 - 66. Let r(a) = -3*a + 19. Let j be r(p). Calculate k(j).
8
Let g(c) be the first derivative of -c**2/2 + 6*c + 27. Let u(z) = -z + 10. Let w be u(6). Determine g(w).
2
Let y(q) = q + 15. Let s(u) = 2*u + 15. Suppose 34 - 36 = -t. Let r(f) = t*s(f) - 3*y(f). Determine r(10).
-5
Let d(s) = -s + 1. Let w = 1789 - 1799. Calculate d(w).
11
Suppose -6*u = -5*n - 50, 5*u - 21 = -4*n + 3*n. Let s(t) = t**3 + 3*t**2 - t + 5. Determine s(n).
-7
Let n(v) = v**2 - 8*v + 7. Let h(q) = -9*q + 7. Let a(w) = w**2 + w. Let r(t) = a(t) + h(t). Let z(c) = -3*n(c) + 4*r(c). Suppose 7*y - 15 = 27. Determine z(y).
-5
Let p(u) = 2*u + 6. Let d(j) = 3*j + 10. Let h(s) = -3*d(s) + 5*p(s). Determine h(4).
4
Let d(u) = u - 5. Let y(k) = -k**2 - 4*k + 3. Let a be y(-4). Suppose a*q + 0*t = 5*t + 40, -t + 46 = 3*q. Let c = q + -21. Determine d(c).
-11
Let s(h) = 9*h - 27. Let n(q) = 8*q - 27. Let l(z) = 7*n(z) - 6*s(z). Calculate l(19).
11
Let y(u) = u**3 + 10*u**2 - 6*u + 64. Let n be y(-11). Let f(d) be the first derivative of d**4/4 - 10*d**3/3 + 4*d**2 + 6*d - 3. Determine f(n).
-3
Let q = -15 + 79. Suppose -4*m - 40 + q = 0. Let o(f) = -f**2 + 3*f + 5. Give o(m).
-13
Suppose 4*w - 8 = 4*u - 5*u, 2*w - 2 = -u. Let x(k) = k**2 + 3*k + k - 5*k + 1. Let n(y) = -y**3 + 9*y**2 - 6*y + 8. Let c(b) = n(b) - 6*x(b). Give c(w).
2
Suppose 0 = -0*h + 5*h - 30. Let y(k) = -k - 1. Let s(j) = -j - 7. Let n(r) = s(r) - 3*y(r). Determine n(h).
8
Let w(c) = -2383 + 2*c**3 + 2390 + 13*c - c**3 + 11*c**2. Calculate w(-10).
-23
Let a be 2 + 58/(-8) + (-9)/(-36). Let v(g) = 2*g**2 + 11*g + 3. What is v(a)?
-2
Let x(s) = s**2 - 20*s + 32. Suppose -39*n = -24*n - 270. What is x(n)?
-4
Let g(f) be the second derivative of -f**5/20 - 3*f**4/4 - 7*f**3/6 + f**2 + 4*f. Let l = 25 + -33. Give g(l).
-6
Let q(b) = -78*b**2 + 0*b - 96*b**2 + b**3 + b - 11 + 191*b**2. Calculate q(-17).
-28
Let q(u) = -11*u**3 + u - 12. Let x(o) = -9*o**3 - o**2 + o - 11. Let n(h) = -5*q(h) + 6*x(h). Calculate n(6).
0
Let u(d) = 2*d**2 + 6*d + 2. Suppose -2*n - 5*j - 44 = -21, 5*n = 2*j - 14. What is u(n)?
10
Let p(f) = -f - 4*f + 6 + 3*f. Let r(k) = k - 1. Let y(i) = -p(i) - 3*r(i). Suppose -3*z = 3*m - 27, -z - 21 = -30*m + 25*m. Determine y(z).
-7
Let q(u) = -u**3 - 8*u**2 + 5*u + 3. Let m = 261 + -270. What is q(m)?
39
Let q = 16 + -14. Let l be (-17)/(-2) + q/4. Suppose -4*k + l*k = 5. Let i(t) = -5*t**2 + 2*t - 1. Calculate i(k).
-4
Let q(t) = -6*t**3 + 4*t**2 - t + 10. Let n(u) = -u**3 - u + 1. Let b(v) = -5*n(v) + q(v). Suppose 28*h + 0*h = 146 - 6. Calculate b(h).
0
Let d(a) = -2*a + 3. Let z(u) = u**2 - 32*u + 56. Let c be z(2). Give d(c).
11
Let f(n) = -n**3 + 7*n**2 - 6*n + 5. Let b(l) = l**3 - 23*l**2 + 58*l + 46. Let k be b(20). Determine f(k).
5
Let g(j) = 2*j**3 - 2*j**2 + 3*j - 2. Let w(k) = -k + 1. Let o(m) = g(m) - 2*w(m). Let f(d) = d**3 + d. Let i(s) = -3*f(s) + o(s). Determine i(-3).
-1
Suppose g = 6*g. Let n(x) = 39 + 4*x - 49 + 25 - 3*x. Determine n(g).
15
Let a(m) = -2. Let f(l) = l - 3. Let v(j) = -a(j) + 2*f(j). Calculate v(2).
0
Let b(n) = -n**3 + n**2 + 4*n - 5. Let r be b(0). Let w(g) = g**3 + 5*g**2 - 6*g. Determine w(r).
30
Let y be 4/(-6) - 2/(-3). Let s(u) be the first derivative of -1/2*u**2 - 3*u + 17. Give s(y).
-3
Let g(o) be the third derivative of 1/6*o**3 + 0 - 1/8*o**6 - 1/24*o**4 + 0*o - 6*o**2 - 1/60*o**5. Give g(1).
-16
Let p(h) be the second derivative of -h**8/6720 + h**7/210 - h**6/60 + 13*h**5/120 + h**4/2 - 24*h. Let y(m) be the third derivative of p(m). What is y(11)?
2
Let p(c) = -c**3 + 4*c**2 + 4*c + 1. Let t = 18 + -25. Suppose 24*k - 28*k + 28 = -4*j, -2*j + k - 9 = 0. Let d = j - t. Calculate p(d).
-4
Let w be (-65)/(-26) - 2/4. Let d(p) = -2*p**2 + p**3 + 3 + 0 + 4*p + 0 - 4*p**w. What is d(5)?
-2
Let m(f) = 5*f + 5. Let w(a) = 11*a + 9. Let v(x) = -11*m(x) + 6*w(x). Let g(j) = 14*j + 127. Let z be g(-9). Give v(z).
10
Suppose 37*f = 44*f - 133. Suppose -4*b = -b - 39. Let m = f - b. Let i(o) = -o - 3. Calculate i(m).
-9
Suppose 2*t = -t + 30. Suppose -2*k - t = 0, 5*k + 10 = -4*q - 7. Let i(f) = -2*f + 2. Determine i(q).
-2
Let k(p) = -p**2 - 5*p - 4. Let n(w) = -w**3 + 8*w**2 + 12*w - 1. Let y be 4/(8/22) + -2. Let x be n(y). Suppose 5*h + 14 = 2*l, 5*h + 3*l + x = l. Give k(h).
0
Let d be ((-3)/9)/((-2)/222). Let r = d + -25. Let t(h) = 7 - 2*h + h - r. Determine t(-4).
-1
Let d(y) = -y**2 - 105*y + 787. Let o be d(7). Let p(w) be the second derivative of 0 + w + 1/6*w**3 - 3*w**2. Determine p(o).
-3
Suppose -11*g = -6*g - 15. Suppose -11 = -g*c + 1. Let t(m) = -m + 4. Calculate t(c).
0
Suppose -226 = 28*d - 366. Let x(l) = -l - 4. Let m be x(-4). Let h(p) = -1 - 2 + m + p**2 - 6*p. What is h(d)?
-8
Let k be 10/((-1)/(-6)*6*1). Let i(c) = -c**3 + 9*c**2 + 7*c + 8. Calculate i(k).
-22
Let c(g) = g**2 - 6*g + 2. Let n be c(0). Suppose -6 - 3 = -2*h - j, -15 = -5*h + 5*j. Let p(v) = 2 + 3 - h - 5*v. Give p(n).
-9
Let z(a) = a**3 + 7*a**2 + 2*a + 4. Suppose 7*w + 2*w - 36 = 0. Suppos